 229?
False
Is 939087 a multiple of 42?
False
Is 30 a factor of 21664585?
False
Does 665 divide 17607205?
True
Is 15 a factor of 1297065?
True
Does 430 divide 101910?
True
Is 109 a factor of 17404139?
True
Is 22143375 a multiple of 81?
True
Is 29 a factor of 166658?
False
Is 16461999 a multiple of 19?
True
Is 41 a factor of 1124275?
False
Does 575 divide 23873143?
False
Is 613036 a multiple of 121?
False
Does 363 divide 133584?
True
Does 126 divide 3082024?
False
Is 61 a factor of 37365?
False
Is 801 a factor of 4647864?
False
Is 114867 a multiple of 6?
False
Does 18 divide 41863?
False
Is 6666406 a multiple of 64?
False
Is 428316 a multiple of 187?
False
Does 49 divide 275253?
False
Is 8202559 a multiple of 14?
False
Is 127 a factor of 12457811?
True
Is 14 a factor of 10838772?
True
Is 699011 a multiple of 8?
False
Is 208 a factor of 859791?
False
Is 35586 a multiple of 23?
False
Does 45 divide 33825?
False
Is 14 a factor of 538832?
True
Is 53964 a multiple of 155?
False
Is 1036651 a multiple of 168?
False
Does 438 divide 847937?
False
Is 25981235 a multiple of 500?
False
Does 13 divide 30260?
False
Does 32 divide 555680?
True
Is 21 a factor of 96516?
True
Is 225 a factor of 16565850?
True
Does 22 divide 4627920?
True
Is 114026 a multiple of 146?
True
Is 276263 a multiple of 60?
False
Is 166 a factor of 2332661?
False
Is 18876253 a multiple of 43?
False
Is 224 a factor of 1702624?
True
Is 127953 a multiple of 534?
False
Does 13 divide 660091?
False
Does 13 divide 8520668?
True
Is 45 a factor of 117270?
True
Does 12 divide 14136643?
False
Is 420569 a multiple of 212?
False
Is 6062880 a multiple of 680?
True
Is 8554293 a multiple of 213?
True
Is 1122352 a multiple of 28?
True
Is 507496 a multiple of 292?
True
Is 6 a factor of 6790?
False
Is 29447 a multiple of 11?
True
Does 637 divide 247156?
True
Is 3 a factor of 72126?
True
Is 5 a factor of 453700?
True
Does 90 divide 218204?
False
Is 930271 a multiple of 438?
False
Does 244 divide 7278913?
False
Is 862 a factor of 5719338?
False
Is 1746332 a multiple of 188?
True
Is 321600 a multiple of 3?
True
Does 68 divide 6149240?
True
Is 62055 a multiple of 5?
True
Is 11 a factor of 5538722?
False
Is 4196430 a multiple of 630?
True
Is 690044 a multiple of 167?
True
Is 833328 a multiple of 9?
True
Is 27454 a multiple of 259?
True
Is 15 a factor of 18675?
True
Is 28 a factor of 156562?
False
Is 250241 a multiple of 53?
False
Is 8690 a multiple of 10?
True
Does 13 divide 249332?
False
Is 738288 a multiple of 25?
False
Is 167 a factor of 157314?
True
Does 21 divide 108472?
False
Is 179141 a multiple of 215?
False
Is 165 a factor of 2893605?
True
Is 85067 a multiple of 103?
False
Is 118220 a multiple of 20?
True
Is 103 a factor of 2176802?
True
Is 16 a factor of 193939?
False
Is 1677093 a multiple of 33?
True
Does 123 divide 1665081?
False
Does 5 divide 70250?
True
Is 7 a factor of 1207234?
True
Does 68 divide 22597?
False
Does 37 divide 1579743?
False
Does 272 divide 1723752?
False
Is 17 a factor of 264426?
False
Is 786240 a multiple of 112?
True
Is 10210260 a multiple of 102?
False
Is 28592 a multiple of 3?
False
Does 409 divide 12099856?
True
Is 692 a factor of 273340?
True
Is 548877 a multiple of 29?
False
Does 209 divide 914637?
False
Is 143 a factor of 1368617?
False
Is 115 a factor of 101085?
True
Is 974265 a multiple of 15?
True
Is 2 a factor of 16560?
True
Does 134 divide 1497933?
False
Is 415328 a multiple of 16?
True
Is 1752960 a multiple of 242?
False
Does 135 divide 273510?
True
Does 388 divide 534276?
True
Is 1051 a factor of 7890908?
True
Is 34110 a multiple of 6?
True
Is 10 a factor of 1185610?
True
Is 169124 a multiple of 7?
False
Is 4986360 a multiple of 20?
True
Is 135 a factor of 117990?
True
Is 873415 a multiple of 11?
False
Is 44484 a multiple of 44?
True
Is 20957946 a multiple of 478?
False
Is 3709674 a multiple of 9?
True
Is 18 a factor of 1021244?
False
Is 2151231 a multiple of 855?
False
Is 42 a factor of 1627215?
False
Does 201 divide 4510105?
False
Is 4 a factor of 252395?
False
Is 5 a factor of 146636?
False
Is 2941875 a multiple of 9?
True
Does 13 divide 179228?
False
Is 3 a factor of 217584?
True
Does 52 divide 167960?
True
Is 122 a factor of 930860?
True
Is 4 a factor of 3971735?
False
Does 1360 divide 1107040?
True
Is 23 a factor of 238970?
True
Is 156 a factor of 191568?
True
Does 1015 divide 2263450?
True
Is 240 a factor of 45600?
True
Does 82 divide 1769432?
False
Does 6 divide 819447?
False
Does 61 divide 27755?
True
Is 544950 a multiple of 15?
True
Does 433 divide 1921221?
True
Is 783125 a multiple of 35?
True
Is 253564 a multiple of 14?
False
Does 2336 divide 5767584?
True
Is 2400220 a multiple of 111?
False
Is 16 a factor of 484071?
False
Is 5215108 a multiple of 194?
True
Is 28 a factor of 12277132?
True
Is 147642 a multiple of 117?
False
Is 15 a factor of 2863494?
False
Is 119481 a multiple of 12?
False
Does 40 divide 832760?
True
Does 226 divide 425106?
True
Does 149 divide 49617?
True
Is 10635 a multiple of 55?
False
Does 28 divide 35776?
False
Is 12927155 a multiple of 329?
False
Does 244 divide 4234531?
False
Is 129860 a multiple of 229?
False
Does 296 divide 106560?
True
Is 3560130 even?
True
Is 52 a factor of 2730712?
False
Is 314142 a multiple of 4?
False
Is 119956 a multiple of 28?
False
Does 79 divide 379911?
True
Does 12 divide 44316?
True
Is 180234 a multiple of 39?
False
Does 59 divide 243111?
False
Is 1717917 a multiple of 31?
False
Does 335 divide 1589337?
False
Is 87 a factor of 9531?
False
Is 516 a factor of 247164?
True
Does 67 divide 264940?
False
Is 141 a factor of 296409?
False
Is 349378 a multiple of 146?
True
Is 516986 a multiple of 146?
True
Does 399 divide 187929?
True
Is 1638071 a multiple of 8?
False
Is 1420 a factor of 2687881?
False
Does 49 divide 122794?
True
Is 2174389 a multiple of 4?
False
Is 1276950 a multiple of 4?
False
Does 1786 divide 116090?
True
Does 8 divide 663025?
False
Is 1093 a factor of 1872309?
True
Does 12 divide 2296589?
False
Is 76941 a multiple of 9?
True
Is 5080877 a multiple of 100?
False
Is 42528 a multiple of 211?
False
Does 188 divide 858523?
False
Does 109 divide 5393102?
True
Is 161 a factor of 10143?
True
Is 190 a factor of 122550?
True
Is 10 a factor of 62010?
True
Is 212 a factor of 2163248?
True
Does 1319 divide 12714040?
False
Is 274304 a multiple of 27?
False
Is 2 a factor of 62020?
True
Is 2 a factor of 2074206?
True
Is 3 a factor of 7334?
False
Does 20 divide 5074845?
False
Does 6 divide 58926?
True
Does 38 divide 373160?
True
Does 13 divide 220584?
True
Does 793 divide 6649347?
False
Is 241380 a multiple of 270?
True
Does 124 divide 14560948?
True
Is 19606 a multiple of 5?
False
Is 20 a factor of 6834220?
True
Is 13 a factor of 14469?
True
Is 10430 a multiple of 22?
False
Is 873 a factor of 815382?
True
Is 21105 a multiple of 45?
True
Is 7 a factor of 2051042?
True
Does 15 divide 26101740?
True
Does 69 divide 1215785?
False
Is 8 a factor of 207520?
True
Is 150568 a multiple of 118?
True
Is 248342 a multiple of 6?
False
Is 1193679 a multiple of 102?
False
Is 13423840 a multiple of 212?
True
Is 32 a factor of 1270971?
False
Does 434 divide 1411748?
False
Is 19 a factor of 14271090?
True
Is 19 a factor of 592581?
False
Is 7216902 a multiple of 6?
True
Does 380 divide 859560?
True
Is 6437575 a multiple of 309?
False
Is 507863 a multiple of 250?
False
Is 830139 a multiple of 20?
False
Is 21 a factor of 20076542?
False
Is 40 a factor of 721980?
False
Is 10 a factor of 13120?
True
Does 208 divide 262529?
False
Is 341432 a multiple of 134?
True
Does 217 divide 244776?
True
Is 604544 a multiple of 644?
False
Is 14299565 a multiple of 127?
True
Does 166 divide 144335?
False
Does 68 divide 226755?
False
Is 16115 a multiple of 55?
True
Is 72445 a multiple of 63?
False
Is 793 a factor of 726388?
True
Is 1557918 a multiple of 3?
True
Does 44 divide 767578?
False
Does 13 divide 17615?
True
Does 222 divide 276724?
False
Is 152405 a multiple of 40?
False
Is 5178015 a multiple of 9?
True
Is 5 a factor of 555060?
True
Is 5657148 a multiple of 27?
True
Is 66 a factor of 165792?
True
Does 3 divide 409982?
False
Is 935487 a multiple of 18?
False
Is 8 a factor of 392784?
True
Is 1525649 a multiple of 149?
False
Does 425